s 232 divide 14219389?
False
Is 403 a factor of 376603097?
True
Is 572321801 a multiple of 52?
False
Does 540 divide 55464319?
False
Is 4958 a factor of 3822191612?
True
Is 45 a factor of 315101295?
True
Does 6 divide 2406486?
True
Is 104690776 a multiple of 72?
False
Is 5 a factor of 8425280?
True
Is 48856704 a multiple of 416?
True
Is 29248963 a multiple of 192?
False
Is 2740 a factor of 851542818?
False
Is 717 a factor of 3832783?
False
Is 1204395290 a multiple of 2765?
True
Is 102 a factor of 14739769?
False
Is 10904876 a multiple of 212?
False
Is 1705 a factor of 1534203330?
True
Is 8989567 a multiple of 102?
False
Does 48 divide 919088880?
True
Does 6356 divide 644296611?
False
Does 35 divide 270859085?
True
Is 706802820 a multiple of 479?
True
Is 11 a factor of 12297934?
True
Is 378 a factor of 16379496?
True
Does 4 divide 3917080?
True
Is 62942990 a multiple of 80?
False
Does 5 divide 10026791?
False
Is 2310 a factor of 229928160?
True
Is 2024 a factor of 1106894396?
False
Is 502 a factor of 1220009781?
False
Is 19145722 a multiple of 317?
False
Is 20995765 a multiple of 595?
True
Does 114 divide 1873781976?
True
Does 2003 divide 361533488?
True
Is 90415160 a multiple of 268?
True
Is 112607 a multiple of 11?
True
Is 359615260 a multiple of 10?
True
Is 5466949 a multiple of 22?
False
Does 1614 divide 85708403?
False
Does 44 divide 1078965311?
False
Is 37 a factor of 28273525?
False
Does 1130 divide 1586442495?
False
Is 1291 a factor of 938460175?
True
Is 20 a factor of 646045180?
True
Is 18 a factor of 4307762457?
False
Is 23434313 a multiple of 707?
False
Is 1575065143 a multiple of 31?
True
Does 147 divide 107599554?
False
Does 18 divide 1592305?
False
Does 615 divide 80956869?
False
Does 124 divide 1046777379?
False
Is 973 a factor of 72203254?
False
Does 87 divide 536610023?
False
Does 18 divide 591827544?
True
Is 15 a factor of 28120303?
False
Does 142 divide 297732878?
False
Is 266420907 a multiple of 27?
True
Is 38 a factor of 41958296?
False
Is 9 a factor of 74626389?
True
Does 15 divide 497880?
True
Does 650 divide 3459903326?
False
Is 103 a factor of 28986878?
True
Is 1161 a factor of 671922547?
False
Does 12213 divide 1155508569?
True
Is 9 a factor of 5838722?
False
Is 166 a factor of 34409310?
True
Is 13 a factor of 1539128866?
False
Is 10842884 a multiple of 3826?
True
Is 22 a factor of 27315611?
False
Does 30 divide 3580500?
True
Is 47 a factor of 133941258?
True
Is 97 a factor of 27777170?
False
Is 2040801615 a multiple of 8?
False
Is 141358112 a multiple of 34?
False
Is 3194 a factor of 1432577328?
False
Is 11693154 a multiple of 185?
False
Does 19 divide 11701423?
False
Does 1259 divide 380538842?
False
Is 21 a factor of 292874451?
False
Is 5 a factor of 3189458?
False
Is 36 a factor of 244659996?
True
Does 1754 divide 238230034?
True
Is 167 a factor of 381866537?
False
Is 374 a factor of 554241515?
False
Is 73 a factor of 254682108?
True
Is 480585798 a multiple of 3339?
False
Does 650 divide 295322950?
True
Does 1801 divide 80655123?
False
Does 1715 divide 24145485?
True
Is 1277 a factor of 88871356?
False
Does 19 divide 24320722?
True
Does 2856 divide 715288056?
True
Is 4 a factor of 79049272?
True
Is 41022511 a multiple of 587?
False
Is 2862033687 a multiple of 79?
False
Does 142 divide 250833770?
True
Is 3 a factor of 48811196?
False
Is 558 a factor of 146634030?
True
Is 215 a factor of 13414065?
True
Is 155599 a multiple of 64?
False
Is 612865 a multiple of 605?
True
Does 398 divide 42805997?
False
Is 226 a factor of 35399962?
True
Does 143 divide 43857385?
True
Is 4 a factor of 3891338?
False
Is 2851 a factor of 477720924?
False
Does 1387 divide 95052497?
True
Does 520 divide 295292920?
True
Does 2352 divide 143418854?
False
Is 1918908 a multiple of 706?
True
Is 1056 a factor of 9651556?
False
Does 26 divide 1275402440?
True
Is 1063 a factor of 171807283?
False
Does 67 divide 93577513?
False
Does 112 divide 99926357?
False
Is 2942133855 a multiple of 77?
False
Does 803 divide 558938250?
False
Is 24987263 a multiple of 9?
False
Is 19 a factor of 2565242911?
False
Does 72 divide 134150844?
False
Is 276806247 a multiple of 280?
False
Is 342645503 a multiple of 728?
False
Does 53 divide 10033006?
True
Does 1407 divide 4348329?
False
Is 699 a factor of 181872111?
True
Does 23 divide 33921886?
False
Is 220905705 a multiple of 4?
False
Is 52 a factor of 659361335?
False
Does 203 divide 683104947?
True
Does 253 divide 23778009?
False
Is 393 a factor of 25218702?
False
Is 115038080 a multiple of 5195?
True
Is 52 a factor of 175244524?
True
Is 10451936 a multiple of 23?
True
Is 2816569392 a multiple of 2202?
True
Does 771 divide 1729353?
True
Does 261 divide 50994963?
True
Is 41300601 a multiple of 1311?
False
Is 35351771 a multiple of 976?
False
Is 267 a factor of 132143373?
True
Is 7016482 a multiple of 473?
True
Is 524264212 a multiple of 164?
True
Is 28941175 a multiple of 12?
False
Is 26183494 a multiple of 2701?
True
Is 7 a factor of 691328554?
True
Is 1891471450 a multiple of 902?
True
Is 292 a factor of 347371960?
True
Does 19 divide 156276241?
False
Does 4 divide 1172980?
True
Is 95 a factor of 33665150?
True
Is 259073108 a multiple of 3958?
False
Is 48492092 a multiple of 5302?
True
Is 2450 a factor of 7523808?
False
Is 74710638 a multiple of 103?
True
Does 4 divide 155158848?
True
Is 9386796 a multiple of 659?
True
Is 598 a factor of 215113608?
False
Is 1798 a factor of 56397937?
False
Is 1018490652 a multiple of 12?
True
Is 20 a factor of 104411978?
False
Does 21 divide 53928063?
True
Is 95 a factor of 1487801?
False
Does 5413 divide 359699263?
True
Is 65284352 a multiple of 68?
True
Does 410 divide 69662533?
False
Is 2 a factor of 61995172?
True
Does 3848 divide 124949831?
False
Is 31 a factor of 805900?
False
Is 85 a factor of 5161795?
True
Is 16 a factor of 79619235?
False
Does 645 divide 979796128?
False
Is 25 a factor of 616296318?
False
Is 17 a factor of 73257177?
False
Is 13 a factor of 18233722?
True
Does 1316 divide 47440484?
True
Does 2 divide 23855319?
False
Does 2016 divide 117908759?
False
Is 19154604 a multiple of 444?
True
Does 836 divide 2234050324?
True
Is 1859 a factor of 1597855116?
True
Does 5 divide 71715831?
False
Is 46 a factor of 1667237967?
False
Is 233397792 a multiple of 24?
True
Is 44 a factor of 114435684?
True
Does 114 divide 697295825?
False
Is 1952453005 a multiple of 31?
True
Is 11 a factor of 1494479723?
True
Does 1152 divide 102241152?
True
Is 110 a factor of 2174621959?
False
Does 590 divide 27642090?
True
Is 289 a factor of 179143817?
False
Is 1914 a factor of 92166756?
True
Does 162 divide 573497010?
True
Is 13 a factor of 12781574?
True
Is 19 a factor of 29750909?
False
Is 31 a factor of 1855328982?
True
Does 480 divide 73861920?
True
Is 16406700 a multiple of 68?
True
Is 203630914 a multiple of 46?
True
Does 704 divide 15350720?
True
Is 932203728 a multiple of 372?
True
Is 86938652 a multiple of 6?
False
Does 2893 divide 923127370?
True
Does 72 divide 5867712?
True
Is 411 a factor of 312875294?
False
Is 157034053 a multiple of 20?
False
Is 187 a factor of 87942258?
False
Is 17527938 a multiple of 599?
True
Does 95 divide 211685580?
False
Is 5023 a factor of 2706925040?
False
Does 110 divide 24790920?
True
Is 251506782 a multiple of 2511?
True
Is 14883040 a multiple of 835?
True
Does 11 divide 958807190?
True
Is 111 a factor of 16943215?
False
Does 42 divide 4081272090?
True
Does 39 divide 13885560?
True
Does 186 divide 8342472?
True
Is 1364 a factor of 2697985180?
True
Is 3739598329 a multiple of 746?
False
Is 69662670 a multiple of 33?
True
Is 47936816 a multiple of 166?
True
Is 3388 a factor of 543357276?
True
Is 49788854 a multiple of 553?
False
Is 11 a factor of 34218063?
True
Is 9 a factor of 4880070231?
False
Is 14023821 a multiple of 21?
True
Is 4132 a factor of 99708284?
False
Does 76 divide 47485407?
False
Is 485796889 a multiple of 1920?
False
Is 24367585 a multiple of 150?
False
Does 17 divide 3481209?
True
Does 93 divide 11077788?
True
Does 10 divide 157059740?
True
Is 3620694 a multiple of 5071?
True
Is 1755 a factor of 29829735?
True
Does 365 divide 711750002?
False
Is 155266582 a multiple of 167?
False
Is 76204437 a multiple of 141?
True
Is 210 a factor